{"id":3704,"date":"2020-11-17T15:01:29","date_gmt":"2020-11-17T15:01:29","guid":{"rendered":"http:\/\/site1376403696.hospedagemdesites.ws\/sndfr\/?page_id=3704"},"modified":"2021-05-24T18:09:17","modified_gmt":"2021-05-24T18:09:17","slug":"licensiamento-ambiental","status":"publish","type":"page","link":"https:\/\/sindifer.com.br\/sndfr\/licensiamento-ambiental\/","title":{"rendered":"Licenciamento Ambiental"},"content":{"rendered":"\n<p>Como toda e qualquer atividade que cause altera\u00e7\u00e3o ao meio ambiente, tamb\u00e9m as empresas produtoras de ferro-gusa est\u00e3o sujeitas ao licenciamento ambiental. Esse licenciamento \u00e9 concedido pelo COPAM&nbsp;\u2013 Conselho Estadual de Pol\u00edtica Ambiental, quando em n\u00edvel estadual, ou por \u00f3rg\u00e3os municipais constitu\u00eddos, quando ao munic\u00edpio \u00e9 outorgado o direito, atrav\u00e9s de conv\u00eanio espec\u00edfico.<\/p>\n\n\n\n<p>Os \u00f3rg\u00e3o licenciadores, quer seja em n\u00edvel estadual ou municipal, s\u00e3o compostos por representantes do poder p\u00fablico federal, estadual e, ou, municipal, al\u00e9m de representantes de organiza\u00e7\u00f5es n\u00e3o governamentais, do setor produtivo e da sociedade civil organizada.<\/p>\n\n\n\n<p>A empresa interessada em obter o licenciamento deve apresentar projeto t\u00e9cnico detalhado de suas opera\u00e7\u00f5es industriais bem como o Estudo de Impacto Ambiental e Relat\u00f3rio de Impacto Ambiental (EIA -RIMA) que descrevem os impactos ambientais e apresentam medidas para elimin\u00e1-los ou mitig\u00e1-los.<\/p>\n\n\n\n<p>A atividade s\u00f3 \u00e9 licenciada mediante an\u00e1lise criteriosa de todas as exig\u00eancias legais e, principalmente, mediante cumprimento de todas as medidas de prote\u00e7\u00e3o ao meio ambiente.<\/p>\n","protected":false},"excerpt":{"rendered":"<p>Como toda e qualquer atividade que cause altera\u00e7\u00e3o ao meio ambiente, tamb\u00e9m as empresas produtoras de ferro-gusa est\u00e3o sujeitas ao licenciamento ambiental. Esse licenciamento \u00e9 concedido pelo COPAM&nbsp;\u2013 Conselho Estadual de Pol\u00edtica Ambiental, quando em n\u00edvel estadual, ou por \u00f3rg\u00e3os municipais constitu\u00eddos, quando ao munic\u00edpio \u00e9 outorgado o direito, atrav\u00e9s de conv\u00eanio espec\u00edfico. Os \u00f3rg\u00e3o<\/p>\n","protected":false},"author":1,"featured_media":0,"parent":0,"menu_order":0,"comment_status":"closed","ping_status":"closed","template":"","meta":{"footnotes":""},"_links":{"self":[{"href":"https:\/\/sindifer.com.br\/sndfr\/wp-json\/wp\/v2\/pages\/3704"}],"collection":[{"href":"https:\/\/sindifer.com.br\/sndfr\/wp-json\/wp\/v2\/pages"}],"about":[{"href":"https:\/\/sindifer.com.br\/sndfr\/wp-json\/wp\/v2\/types\/page"}],"author":[{"embeddable":true,"href":"https:\/\/sindifer.com.br\/sndfr\/wp-json\/wp\/v2\/users\/1"}],"replies":[{"embeddable":true,"href":"https:\/\/sindifer.com.br\/sndfr\/wp-json\/wp\/v2\/comments?post=3704"}],"version-history":[{"count":2,"href":"https:\/\/sindifer.com.br\/sndfr\/wp-json\/wp\/v2\/pages\/3704\/revisions"}],"predecessor-version":[{"id":3921,"href":"https:\/\/sindifer.com.br\/sndfr\/wp-json\/wp\/v2\/pages\/3704\/revisions\/3921"}],"wp:attachment":[{"href":"https:\/\/sindifer.com.br\/sndfr\/wp-json\/wp\/v2\/media?parent=3704"}],"curies":[{"name":"wp","href":"https:\/\/api.w.org\/{rel}","templated":true}]}}