{"id":3700,"date":"2020-11-17T14:57:34","date_gmt":"2020-11-17T14:57:34","guid":{"rendered":"http:\/\/site1376403696.hospedagemdesites.ws\/sndfr\/?page_id=3700"},"modified":"2021-02-25T21:02:43","modified_gmt":"2021-02-25T21:02:43","slug":"gusa-verde","status":"publish","type":"page","link":"https:\/\/sindifer.com.br\/sndfr\/gusa-verde\/","title":{"rendered":"Gusa Verde"},"content":{"rendered":"\n<p>Gusa verde \u00e9 uma denomina\u00e7\u00e3o utilizada com frequ\u00eancia para distinguir e caracterizar o ferro-gusa produzido com carv\u00e3o vegetal origin\u00e1rio de florestas plantadas e renov\u00e1veis, em rela\u00e7\u00e3o ao produzido com coque de carv\u00e3o mineral.<br>Trata-se de um deferimento, muito justo pois, \u00e9 uma produ\u00e7\u00e3o sustent\u00e1vel e, tamb\u00e9m, atende \u00e0s exig\u00eancias dos \u00f3rg\u00e3os ambientais.<br>O gusa verde requer a implanta\u00e7\u00e3o de extensas \u00e1reas com florestas de r\u00e1pido crescimento, cuja madeira, a cada rota\u00e7\u00e3o, normalmente de 07 anos, \u00e9 transformada em carv\u00e3o.<br>Fato amplamente conhecido \u00e9 que todos os organismos vegetais crescem atrav\u00e9s da fotoss\u00edntese, uma rea\u00e7\u00e3o bioqu\u00edmica que transforma \u00e1gua e g\u00e1s carb\u00f4nico em carboidrato, tendo como catalisador a energia luminosa. Trata-se de um processo natural em que o sequestro de g\u00e1s carb\u00f4nico (CO2) e libera\u00e7\u00e3o de oxig\u00eanio (O2), reduzem significativamente os impactos dos Gases de Efeito Estufa.<br>Todos os vegetais realizam fotoss\u00edntese, por\u00e9m pela extensa superf\u00edcie foliar e pelo ciclo relativamente longo, as \u00e1rvores realizam-na com maior efici\u00eancia. A atividade fisiol\u00f3gica nos seres vivos \u00e9 sempre mais ativa nos organismos jovens. Uma \u00e1rvore colhida aos 7 anos de idade passou toda sua vida retirando g\u00e1s carb\u00f4nico da atmosfera e lan\u00e7ando oxig\u00eanio. Folhas e galhos que caem sobre o solo durante a vida da \u00e1rvore constituem a manta org\u00e2nica que ser\u00e1 mineralizada e incorporada ao solo onde permanece indefinidamente. As florestas constituem, portanto, um permanente sumidouro de carbono.<br>Esse balan\u00e7o pode ser resumido no quadro abaixo:<\/p>\n\n\n\n<h6 class=\"wp-block-heading\"><br>BALAN\u00c7O DE CO2 NA PRODU\u00c7\u00c3O DE UMA TONELADA DE FERRO-GUSA<br>Fonte: Prof. Dr. Ronaldo S. Sampaio<\/h6>\n\n\n\n<table id=\"tablepress-1\" class=\"tablepress tablepress-id-1\">\n<thead>\n<tr class=\"row-1 odd\">\n\t<th class=\"column-1\">Produ\u00e7\u00e3o de Ferro-Gusa - 1t<\/th><th class=\"column-2\">Absorve<\/th><th class=\"column-3\">Libera<\/th>\n<\/tr>\n<\/thead>\n<tbody class=\"row-hover\">\n<tr class=\"row-2 even\">\n\t<td class=\"column-1\">Via Biomassa<\/td><td class=\"column-2\">890 kg de CO2<\/td><td class=\"column-3\">203 kg O2<\/td>\n<\/tr>\n<tr class=\"row-3 odd\">\n\t<td class=\"column-1\">Via Coque<\/td><td class=\"column-2\">990 kg O2<\/td><td class=\"column-3\">1.750 kg CO2<\/td>\n<\/tr>\n<\/tbody>\n<\/table>\n<!-- #tablepress-1 from cache -->\n\n\n\n<p>Num sistema de produ\u00e7\u00e3o sustent\u00e1vel, como a rota\u00e7\u00e3o \u00e9 de 07 anos, que coincide com o per\u00edodo de maior atividade fisiol\u00f3gica da \u00e1rvore, para cada hectare de floresta colhido h\u00e1 outros seis em processo de crescimento, retirando CO2 e lan\u00e7ando O2 na atmosfera.<br>A quantidade de CO2 capturada pela floresta em crescimento, necess\u00e1ria para a produ\u00e7\u00e3o de ferro gusa, compensa, com sobra, a quantidade lan\u00e7ada pelas usinas do setor.<br>Recente trabalho realizado pelo CIT SENAI (Centro de Inova\u00e7\u00e3o e Tecnologia), confirmou que, em um processo completo, desde o in\u00edcio do plantio at\u00e9 o final da produ\u00e7\u00e3o e estocagem do ferro gusa, na Usina, considerando, inclusive os servi\u00e7os assess\u00f3rios, movimenta\u00e7\u00e3o interna de ve\u00edculos e m\u00e1quinas, transporte de mat\u00e9rias primas e de funcion\u00e1rios, \u00e9 positivo, apresentando os seguintes resultados:<br>Emiss\u00f5es: 2.049 kgCO2e\/t (quilograma de g\u00e1s carb\u00f4nico equivalente por tonelada) de gusa; absor\u00e7\u00f5es: 3.897 kgCO2e\/t de gusa; saldo: 1.848 kgCO2\/t de gusa.<\/p>\n\n\n\n<p>Em Minas Gerais, e no Brasil, as Usinas produzem o ferro gusa utilizando o carv\u00e3o vegetal em praticamente 100% das plantas.<\/p>\n\n\n\n<blockquote class=\"wp-block-quote\"><p>A fotoss\u00edntese \u00e9 a maior ind\u00fastria qu\u00edmica da face da terra.<\/p><\/blockquote>\n\n\n\n<p><\/p>\n","protected":false},"excerpt":{"rendered":"<p>Gusa verde \u00e9 uma denomina\u00e7\u00e3o utilizada com frequ\u00eancia para distinguir e caracterizar o ferro-gusa produzido com carv\u00e3o vegetal origin\u00e1rio de florestas plantadas e renov\u00e1veis, em rela\u00e7\u00e3o ao produzido com coque de carv\u00e3o mineral.Trata-se de um deferimento, muito justo pois, \u00e9 uma produ\u00e7\u00e3o sustent\u00e1vel e, tamb\u00e9m, atende \u00e0s exig\u00eancias dos \u00f3rg\u00e3os ambientais.O gusa verde requer a<\/p>\n","protected":false},"author":1,"featured_media":0,"parent":0,"menu_order":0,"comment_status":"closed","ping_status":"closed","template":"","meta":{"footnotes":""},"_links":{"self":[{"href":"https:\/\/sindifer.com.br\/sndfr\/wp-json\/wp\/v2\/pages\/3700"}],"collection":[{"href":"https:\/\/sindifer.com.br\/sndfr\/wp-json\/wp\/v2\/pages"}],"about":[{"href":"https:\/\/sindifer.com.br\/sndfr\/wp-json\/wp\/v2\/types\/page"}],"author":[{"embeddable":true,"href":"https:\/\/sindifer.com.br\/sndfr\/wp-json\/wp\/v2\/users\/1"}],"replies":[{"embeddable":true,"href":"https:\/\/sindifer.com.br\/sndfr\/wp-json\/wp\/v2\/comments?post=3700"}],"version-history":[{"count":7,"href":"https:\/\/sindifer.com.br\/sndfr\/wp-json\/wp\/v2\/pages\/3700\/revisions"}],"predecessor-version":[{"id":3772,"href":"https:\/\/sindifer.com.br\/sndfr\/wp-json\/wp\/v2\/pages\/3700\/revisions\/3772"}],"wp:attachment":[{"href":"https:\/\/sindifer.com.br\/sndfr\/wp-json\/wp\/v2\/media?parent=3700"}],"curies":[{"name":"wp","href":"https:\/\/api.w.org\/{rel}","templated":true}]}}