{"id":3689,"date":"2020-11-17T14:34:43","date_gmt":"2020-11-17T14:34:43","guid":{"rendered":"http:\/\/site1376403696.hospedagemdesites.ws\/sndfr\/?page_id=3689"},"modified":"2020-11-17T14:34:44","modified_gmt":"2020-11-17T14:34:44","slug":"o-produto-ferro-gusa","status":"publish","type":"page","link":"https:\/\/sindifer.com.br\/sndfr\/o-produto-ferro-gusa\/","title":{"rendered":"O Produto Ferro Gusa"},"content":{"rendered":"\n<p><br>Ferro Gusa \u00e9 o resultado da fus\u00e3o e purifica\u00e7\u00e3o do min\u00e9rio de ferro, em alto forno, transformado em um l\u00edquido 95% ferroso, atrav\u00e9s da rea\u00e7\u00e3o qu\u00edmica:<\/p>\n\n\n\n<p class=\"has-text-align-center\"><br><strong>Fe2O3 + 3 CO \u2192 2 Fe + 3CO2<\/strong><\/p>\n\n\n\n<p><br>Pode ter as mais diversas especifica\u00e7\u00f5es utilizando o min\u00e9rio de ferro granulado com teores de ferro variando de 55% a 64% e carv\u00e3o Vegetal como termo redutor; basicamente, em Minas Gerais, s\u00e3o produzidos Ferro Gusa de Aciaria, de Fundi\u00e7\u00e3o e Nodular, com especifica\u00e7\u00f5es combinadas de acordo com teores de F\u00f3sforo, de Sil\u00edcio, de Mangan\u00eas etc., para atender cada tipo de demanda.<\/p>\n\n\n\n<h2 class=\"wp-block-heading\"><br>O Ferro-Gusa de Minas Gerais<\/h2>\n\n\n\n<p>Em Minas Gerais est\u00e1 instalado o maior e mais importante parque industrial produtor de ferro gusa do Brasil.<br>Al\u00e9m da mais avan\u00e7ada tecnologia de produ\u00e7\u00e3o, est\u00e1 habilitada para produzir ferro gusa com qualquer especifica\u00e7\u00e3o, det\u00e9m um dos modelos mais significativos da sustentabilidade industrial, em alguns casos, indo al\u00e9m do que a legisla\u00e7\u00e3o exige, o que lhe confere um elevado grau qualidade, com baixo teor de impurezas.<br>O maior destaque \u00e9 o uso de uma tecnologia limpa que produz ferro-gusa com o carv\u00e3o vegetal, 100% oriundo de florestas plantadas, no lugar do coque metal\u00fargico, fazendo com que o processo total, incluindo o plantio, performe um balan\u00e7o positivo para o meio ambiente.<br>Vale ressaltar, que para produzir o carv\u00e3o vegetal suprir a demanda do setor, s\u00e3o plantados centena de milhares de hectares de florestas.<br>Para se ter uma ideia do tamanho, parque industrial produtor de ferro Gusa, de Minas Gerais, comp\u00f5e-se de 63 plantas que, juntas j\u00e1 produziram 6,3 milh\u00f5es de toneladas em um ano; atualmente 43 usinas est\u00e3o em funcionamento e a produ\u00e7\u00e3o de ferro gusa em Minas Gerais representa 75% da produ\u00e7\u00e3o nacional.<\/p>\n\n\n\n<h2 class=\"wp-block-heading\"><br>Mercado<\/h2>\n\n\n\n<p>O ferro gusa produzido em Minas Gerais tem como destino o mercado nacional e a exporta\u00e7\u00e3o, historicamente, em m\u00e9dia, 50% para cada; O que \u00e9 destinado ao mercado nacional representa, aproximadamente, 93% do ferro gusa adquirido pelas aciarias e fundi\u00e7\u00f5es; as exporta\u00e7\u00f5es s\u00e3o destinadas a v\u00e1rios pa\u00edses, da \u00c1sia, Am\u00e9rica e Europa, com destaque para: Estados Unidos, China, Taiwan, Holanda e M\u00e9xico.<br>As exporta\u00e7\u00f5es a granel s\u00e3o realizadas, preferencialmente, pelos portos do Esp\u00edrito Santo, onde o SINDIFER tem uma parceria com a CODESA, no Ber\u00e7o 905 (Cais de Paul), como propriet\u00e1rio do equipamento de embarque (Ship Loader) instalado e do Rio de Janeiro e, esporadicamente, pelos portos de Itagua\u00ed e de A\u00e7u; tamb\u00e9m exporta em pequenas quantidades, em containers, pelo porto de Santos.<\/p>\n\n\n\n<h2 class=\"wp-block-heading\"><br>Produtos e Uso<\/h2>\n\n\n\n<p>O ferro gusa \u00e9 usado como mat\u00e9ria prima na ind\u00fastria de fundi\u00e7\u00e3o e na produ\u00e7\u00e3o de A\u00e7o, nas especifica\u00e7\u00f5es exigidas para cada tipos de produto das fundi\u00e7\u00f5es e das aciarias, que por sua vez est\u00e3o participam direta ou indiretamente da transforma\u00e7\u00e3o de produtos que est\u00e3o presentes no dia a dia das pessoas, com destaque para: equipamentos e utens\u00edlios do nosso dia a dia, ind\u00fastria automotiva e a constru\u00e7\u00e3o civil, instrumentos de apoio \u00e0 medicina etc; por isso \u00e9 que se diz: \u201cna base de tudo tem Ferro-Gusa\u201d<\/p>\n\n\n\n<h2 class=\"wp-block-heading\"><br>Localiza\u00e7\u00e3o e Log\u00edstica<\/h2>\n\n\n\n<p>O parque industrial de produ\u00e7\u00e3o de Ferro Gusa, de Minas Gerais, est\u00e1 localizado na parte central do estado, distribu\u00eddo por v\u00e1rios munic\u00edpios ao redor da capital, Belo Horizonte. \u00a0<br>Minas Gerais tem a maior malha rodovi\u00e1ria do Brasil, tanto em km quanto em n\u00famero de rodovias federais que cortam o estado que ligam aos principais centros consumidores do Brasil; tamb\u00e9m, pelo modal ferrovi\u00e1rio, est\u00e1 ligada a v\u00e1rios estados e aos principais portos mar\u00edtimos de Vit\u00f3ria (Porto de Paul) e Rio de Janeiro. Por onde, o ferro-gusa, \u00e9 embarcado para os mercados internacionais. \u00a0\u00a0\u00a0\u00a0<br>Essa posi\u00e7\u00e3o \u00e9 altamente estrat\u00e9gica e se apresenta como uma grande vantagem competitiva para a ind\u00fastria de gusa de Minas Gerais.<\/p>\n\n\n\n<p><\/p>\n","protected":false},"excerpt":{"rendered":"<p>Ferro Gusa \u00e9 o resultado da fus\u00e3o e purifica\u00e7\u00e3o do min\u00e9rio de ferro, em alto forno, transformado em um l\u00edquido 95% ferroso, atrav\u00e9s da rea\u00e7\u00e3o qu\u00edmica: Fe2O3 + 3 CO \u2192 2 Fe + 3CO2 Pode ter as mais diversas especifica\u00e7\u00f5es utilizando o min\u00e9rio de ferro granulado com teores de ferro variando de 55% a<\/p>\n","protected":false},"author":1,"featured_media":0,"parent":0,"menu_order":0,"comment_status":"closed","ping_status":"closed","template":"","meta":{"footnotes":""},"_links":{"self":[{"href":"https:\/\/sindifer.com.br\/sndfr\/wp-json\/wp\/v2\/pages\/3689"}],"collection":[{"href":"https:\/\/sindifer.com.br\/sndfr\/wp-json\/wp\/v2\/pages"}],"about":[{"href":"https:\/\/sindifer.com.br\/sndfr\/wp-json\/wp\/v2\/types\/page"}],"author":[{"embeddable":true,"href":"https:\/\/sindifer.com.br\/sndfr\/wp-json\/wp\/v2\/users\/1"}],"replies":[{"embeddable":true,"href":"https:\/\/sindifer.com.br\/sndfr\/wp-json\/wp\/v2\/comments?post=3689"}],"version-history":[{"count":1,"href":"https:\/\/sindifer.com.br\/sndfr\/wp-json\/wp\/v2\/pages\/3689\/revisions"}],"predecessor-version":[{"id":3690,"href":"https:\/\/sindifer.com.br\/sndfr\/wp-json\/wp\/v2\/pages\/3689\/revisions\/3690"}],"wp:attachment":[{"href":"https:\/\/sindifer.com.br\/sndfr\/wp-json\/wp\/v2\/media?parent=3689"}],"curies":[{"name":"wp","href":"https:\/\/api.w.org\/{rel}","templated":true}]}}