{"id":3669,"date":"2020-11-17T13:56:56","date_gmt":"2020-11-17T13:56:56","guid":{"rendered":"http:\/\/site1376403696.hospedagemdesites.ws\/sndfr\/?page_id=3669"},"modified":"2020-11-17T13:56:57","modified_gmt":"2020-11-17T13:56:57","slug":"apresentacao","status":"publish","type":"page","link":"https:\/\/sindifer.com.br\/sndfr\/apresentacao\/","title":{"rendered":"Apresenta\u00e7\u00e3o"},"content":{"rendered":"\n<p>O Sindicato da Ind\u00fastria do Ferro no Estado de Minas Gerais \u2013 SINDIFER, representa as ind\u00fastrias (Usinas) produtoras independentes de Ferro Gusa do estado de Minas Gerais, a ele filiadas\/associadas, representando-as na \u00e1rea trabalhista e institucionalmente nas demais \u00e1reas, como: Tribut\u00e1ria, Meio Ambiente etc.<br>Tamb\u00e9m, institucionalmente, ind\u00fastrias produtoras independentes de Ferro Gusa de outros estados e Aciarias de Minas Gerais, que espontaneamente se associam.<br>Foi constitu\u00eddo em 30 de abril de 1933, por um grupo de empres\u00e1rio, que sentiram a necessidade de se unirem e, assim, fortalecer e ter representatividade, para enfrentar os desafios de ser empreendedor, que j\u00e1 eram grandes.<br>Sua administra\u00e7\u00e3o \u00e9 composta por um Presidente, um Conselho Deliberativo composto por 11 membros e um Conselho Fiscal; Os membros s\u00e3o representantes de empresas filiadas\/associadas e t\u00eam mandato de 3 anos.<\/p>\n","protected":false},"excerpt":{"rendered":"<p>O Sindicato da Ind\u00fastria do Ferro no Estado de Minas Gerais \u2013 SINDIFER, representa as ind\u00fastrias (Usinas) produtoras independentes de Ferro Gusa do estado de Minas Gerais, a ele filiadas\/associadas, representando-as na \u00e1rea trabalhista e institucionalmente nas demais \u00e1reas, como: Tribut\u00e1ria, Meio Ambiente etc.Tamb\u00e9m, institucionalmente, ind\u00fastrias produtoras independentes de Ferro Gusa de outros estados e<\/p>\n","protected":false},"author":1,"featured_media":0,"parent":0,"menu_order":0,"comment_status":"closed","ping_status":"closed","template":"","meta":{"footnotes":""},"_links":{"self":[{"href":"https:\/\/sindifer.com.br\/sndfr\/wp-json\/wp\/v2\/pages\/3669"}],"collection":[{"href":"https:\/\/sindifer.com.br\/sndfr\/wp-json\/wp\/v2\/pages"}],"about":[{"href":"https:\/\/sindifer.com.br\/sndfr\/wp-json\/wp\/v2\/types\/page"}],"author":[{"embeddable":true,"href":"https:\/\/sindifer.com.br\/sndfr\/wp-json\/wp\/v2\/users\/1"}],"replies":[{"embeddable":true,"href":"https:\/\/sindifer.com.br\/sndfr\/wp-json\/wp\/v2\/comments?post=3669"}],"version-history":[{"count":1,"href":"https:\/\/sindifer.com.br\/sndfr\/wp-json\/wp\/v2\/pages\/3669\/revisions"}],"predecessor-version":[{"id":3670,"href":"https:\/\/sindifer.com.br\/sndfr\/wp-json\/wp\/v2\/pages\/3669\/revisions\/3670"}],"wp:attachment":[{"href":"https:\/\/sindifer.com.br\/sndfr\/wp-json\/wp\/v2\/media?parent=3669"}],"curies":[{"name":"wp","href":"https:\/\/api.w.org\/{rel}","templated":true}]}}